{"id":36,"date":"2017-08-22T12:01:44","date_gmt":"2017-08-22T10:01:44","guid":{"rendered":"https:\/\/www.politischebildung.at\/pbb\/?page_id=36"},"modified":"2019-03-22T17:08:11","modified_gmt":"2019-03-22T16:08:11","slug":"uebungen-nach-themen","status":"publish","type":"page","link":"https:\/\/www.politischebildung.at\/pbb\/beispiel-2\/uebungen-nach-themen\/","title":{"rendered":"\u00dcbungen nach Themen"},"content":{"rendered":"<p><strong>Anpassung und Widerstand<\/strong><br \/>\n<a href=\"https:\/\/www.politischebildung.at\/pbb\/2017\/10\/10\/die-grenzen-des-gehorsams\/\" target=\"_blank\" rel=\"noopener noreferrer\">Die Grenzen des Gehorsams<\/a><br \/>\n<a href=\"https:\/\/www.politischebildung.at\/pbb\/2019\/03\/19\/integration-einladung-oder-unterdrueckung\/\" target=\"_blank\" rel=\"noopener noreferrer\">&#8222;Integration&#8220;: Einladung oder Unterdr\u00fcckung<\/a><\/p>\n<p><strong>Arbeit<\/strong><br \/>\n<a href=\"https:\/\/www.politischebildung.at\/pbb\/2017\/10\/10\/wer-macht-welche-arbeit\/\" target=\"_blank\" rel=\"noopener noreferrer\">Wer macht welche Arbeit?<\/a><br \/>\n<a href=\"https:\/\/www.politischebildung.at\/pbb\/2017\/10\/17\/gleicher-lohn-fuer-gleiche-arbeit\/\" target=\"_blank\" rel=\"noopener noreferrer\">Gleicher Lohn f\u00fcr gleiche Arbeit!<\/a><\/p>\n<p><strong>Armut<\/strong><br \/>\n<a href=\"https:\/\/www.politischebildung.at\/pbb\/2017\/10\/17\/armutshoroskop\/\" target=\"_blank\" rel=\"noopener noreferrer\">Armutshoroskop<\/a><\/p>\n<p><strong>Chancenverteilung<\/strong><br \/>\n<a href=\"https:\/\/www.politischebildung.at\/pbb\/2017\/10\/17\/chancen\/\" target=\"_blank\" rel=\"noopener noreferrer\">Chancen<\/a><\/p>\n<p><strong>Bildung<\/strong><br \/>\n<a href=\"https:\/\/www.politischebildung.at\/pbb\/2017\/10\/10\/lernkurve\/\" target=\"_blank\" rel=\"noopener noreferrer\">Lernkurve<\/a><br \/>\n<a href=\"https:\/\/www.politischebildung.at\/pbb\/2017\/10\/10\/lernen-heisst-teilhaben-ist-unwichtig-ein-spass-ein-kampf\/\" target=\"_blank\" rel=\"noopener noreferrer\">Lernen? Hei\u00dft Teilhabe? Ist unwichtig? Ein Spa\u00df? Ein Kampf?<\/a><\/p>\n<p><strong>Familie<\/strong><br \/>\n<a href=\"https:\/\/www.politischebildung.at\/pbb\/2019\/03\/19\/haushaltskasse\/\" target=\"_blank\" rel=\"noopener noreferrer\">Haushaltskasse<\/a><\/p>\n<p><strong>Frauenrechte<\/strong><br \/>\n<a href=\"https:\/\/www.politischebildung.at\/pbb\/2019\/03\/19\/arbeit-und-kinder-2\/\" target=\"_blank\" rel=\"noopener noreferrer\">Arbeit und Kinder<\/a><\/p>\n<p><strong>Gewalt<\/strong><br \/>\n<a href=\"https:\/\/www.politischebildung.at\/pbb\/2017\/10\/10\/gewalt-keine-gewalt\/\" target=\"_blank\" rel=\"noopener noreferrer\">Gewalt &#8211; keine Gewalt<\/a><br \/>\n<a href=\"https:\/\/www.politischebildung.at\/pbb\/2017\/10\/10\/im-bus\/\" target=\"_blank\" rel=\"noopener noreferrer\">Im Bus<\/a><br \/>\n<a href=\"https:\/\/www.politischebildung.at\/pbb\/2017\/10\/10\/spinnwebanalyse\/\" target=\"_blank\" rel=\"noopener noreferrer\">Spinnwebanalyse<\/a><\/p>\n<p><strong>Globalisierung<\/strong><br \/>\n<a href=\"https:\/\/www.politischebildung.at\/pbb\/2017\/10\/31\/lebenszyklus-handy\/\" target=\"_blank\" rel=\"noopener noreferrer\">Lebenszyklus Handy<\/a><\/p>\n<p><strong>Identit\u00e4t<\/strong><br \/>\n<a href=\"https:\/\/www.politischebildung.at\/pbb\/2019\/03\/19\/wer-bin-ich-und-wenn-ja-wie-viele\/\" target=\"_blank\" rel=\"noopener noreferrer\">Wer bin ich und wenn ja wie viele?<\/a><\/p>\n<p><strong>Individuum \/\/ Gesellschaft<\/strong><br \/>\n<a href=\"https:\/\/www.politischebildung.at\/pbb\/2019\/03\/19\/ich-und-der-rest-der-welt\/\" target=\"_blank\" rel=\"noopener noreferrer\">\u201eIch und der Rest der Welt&#8220;<\/a><br \/>\n<a href=\"https:\/\/www.politischebildung.at\/pbb\/2017\/10\/10\/situationen-und-ihre-umstaende\/\" target=\"_blank\" rel=\"noopener noreferrer\">Situationen und ihre Umst\u00e4nde<\/a><br \/>\n<a href=\"https:\/\/www.politischebildung.at\/pbb\/2017\/10\/17\/stimme-im-stimmengewirr\/\" target=\"_blank\" rel=\"noopener noreferrer\">Stimme im Stimmengewirr<\/a><\/p>\n<p><strong>Integration<\/strong><br \/>\n<a href=\"https:\/\/www.politischebildung.at\/pbb\/2017\/11\/07\/runder-tisch-zu-integration\/\" target=\"_blank\" rel=\"noopener noreferrer\">Runder Tisch zu Integration<\/a><\/p>\n<p><strong>Kinderrechte<\/strong><br \/>\n<a href=\"https:\/\/www.politischebildung.at\/pbb\/2017\/10\/10\/ashiques-geschichte\/\" target=\"_blank\" rel=\"noopener noreferrer\">Ashiques Geschichte<\/a><\/p>\n<p><strong>Machtverteilung<\/strong><br \/>\n<a href=\"https:\/\/www.politischebildung.at\/pbb\/2017\/10\/10\/fragen-eines-lesenden-arbeiters\/\" target=\"_blank\" rel=\"noopener noreferrer\">Fragen eines lesenden Arbeiters<\/a><br \/>\n<a href=\"https:\/\/www.politischebildung.at\/pbb\/2017\/09\/29\/sombreros-und-zeitung\/\" target=\"_blank\" rel=\"noopener noreferrer\">Sombreros und Zeitung<\/a><\/p>\n<p><strong>Mehrsprachigkeit\u00a0<\/strong><br \/>\n<a href=\"https:\/\/www.politischebildung.at\/pbb\/2017\/11\/07\/sprachenportrait\/\" target=\"_blank\" rel=\"noopener noreferrer\">Sprachenportr\u00e4t<\/a><\/p>\n<p><strong>Menschenrechte<\/strong><br \/>\n<a href=\"https:\/\/www.politischebildung.at\/pbb\/2017\/10\/10\/menschenrechte\/\" target=\"_blank\" rel=\"noopener noreferrer\">Menschenrechte<\/a><\/p>\n<p><strong>Rassismus<\/strong><br \/>\n<a href=\"https:\/\/www.politischebildung.at\/pbb\/2017\/10\/10\/herkunft\/\" target=\"_blank\" rel=\"noopener noreferrer\">\u201eHerkunft&#8220;<\/a><br \/>\n<a href=\"https:\/\/www.politischebildung.at\/pbb\/2017\/10\/10\/ich-weiss\/\" target=\"_blank\" rel=\"noopener noreferrer\">Ich wei\u00df<\/a><\/p>\n<p><strong>Umwelt<\/strong><br \/>\n<a href=\"https:\/\/www.politischebildung.at\/pbb\/2017\/10\/17\/das-netzwerk-des-lebens\/\" target=\"_blank\" rel=\"noopener noreferrer\">Das Netzwerk des Lebens<\/a><\/p>\n<p><strong>Zivilcourage<\/strong><br \/>\n<a href=\"https:\/\/www.politischebildung.at\/pbb\/2017\/09\/29\/parolen-paroli-bieten\/\" target=\"_blank\" rel=\"noopener noreferrer\">Parolen Paroli bieten<\/a><br \/>\n<a href=\"https:\/\/www.politischebildung.at\/pbb\/2017\/10\/10\/prioritaetenspiel\/\" target=\"_blank\" rel=\"noopener noreferrer\">Priorit\u00e4tenspiel<\/a><\/p>\n<p><strong>Zukunft<\/strong><br \/>\n<a href=\"https:\/\/www.politischebildung.at\/pbb\/2019\/03\/19\/rundwuenschen\/\" target=\"_blank\" rel=\"noopener noreferrer\">Rundw\u00fcnschen<\/a><br \/>\n<a href=\"https:\/\/www.politischebildung.at\/pbb\/2019\/03\/19\/unsere-welt-in-20-jahren\/\" target=\"_blank\" rel=\"noopener noreferrer\">Unsere Welt in 20 Jahren<\/a><\/p>\n","protected":false},"excerpt":{"rendered":"<p>Anpassung und Widerstand Die Grenzen des Gehorsams &#8222;Integration&#8220;: Einladung oder Unterdr\u00fcckung Arbeit Wer macht welche Arbeit? Gleicher Lohn f\u00fcr gleiche Arbeit! Armut Armutshoroskop Chancenverteilung Chancen Bildung Lernkurve Lernen? Hei\u00dft Teilhabe? Ist unwichtig? Ein Spa\u00df? Ein Kampf? Familie Haushaltskasse Frauenrechte Arbeit und Kinder Gewalt Gewalt &#8211; keine Gewalt Im Bus Spinnwebanalyse Globalisierung Lebenszyklus Handy Identit\u00e4t Wer&#8230;<\/p>\n","protected":false},"author":2,"featured_media":0,"parent":5,"menu_order":0,"comment_status":"closed","ping_status":"closed","template":"","meta":{"footnotes":""},"class_list":["post-36","page","type-page","status-publish","hentry"],"_links":{"self":[{"href":"https:\/\/www.politischebildung.at\/pbb\/wp-json\/wp\/v2\/pages\/36","targetHints":{"allow":["GET"]}}],"collection":[{"href":"https:\/\/www.politischebildung.at\/pbb\/wp-json\/wp\/v2\/pages"}],"about":[{"href":"https:\/\/www.politischebildung.at\/pbb\/wp-json\/wp\/v2\/types\/page"}],"author":[{"embeddable":true,"href":"https:\/\/www.politischebildung.at\/pbb\/wp-json\/wp\/v2\/users\/2"}],"replies":[{"embeddable":true,"href":"https:\/\/www.politischebildung.at\/pbb\/wp-json\/wp\/v2\/comments?post=36"}],"version-history":[{"count":21,"href":"https:\/\/www.politischebildung.at\/pbb\/wp-json\/wp\/v2\/pages\/36\/revisions"}],"predecessor-version":[{"id":804,"href":"https:\/\/www.politischebildung.at\/pbb\/wp-json\/wp\/v2\/pages\/36\/revisions\/804"}],"up":[{"embeddable":true,"href":"https:\/\/www.politischebildung.at\/pbb\/wp-json\/wp\/v2\/pages\/5"}],"wp:attachment":[{"href":"https:\/\/www.politischebildung.at\/pbb\/wp-json\/wp\/v2\/media?parent=36"}],"curies":[{"name":"wp","href":"https:\/\/api.w.org\/{rel}","templated":true}]}}

Übungen nach Themen

<p><strong>Anpassung und Widerstand</strong><br />
<a href="https://www.politischebildung.at/pbb/2017/10/10/die-grenzen-des-gehorsams/" target="_blank" rel="noopener noreferrer">Die Grenzen des Gehorsams</a><br />
<a href="https://www.politischebildung.at/pbb/2019/03/19/integration-einladung-oder-unterdrueckung/" target="_blank" rel="noopener noreferrer">&#8222;Integration&#8220;: Einladung oder Unterdrückung</a></p>
<p><strong>Arbeit</strong><br />
<a href="https://www.politischebildung.at/pbb/2017/10/10/wer-macht-welche-arbeit/" target="_blank" rel="noopener noreferrer">Wer macht welche Arbeit?</a><br />
<a href="https://www.politischebildung.at/pbb/2017/10/17/gleicher-lohn-fuer-gleiche-arbeit/" target="_blank" rel="noopener noreferrer">Gleicher Lohn für gleiche Arbeit!</a></p>
<p><strong>Armut</strong><br />
<a href="https://www.politischebildung.at/pbb/2017/10/17/armutshoroskop/" target="_blank" rel="noopener noreferrer">Armutshoroskop</a></p>
<p><strong>Chancenverteilung</strong><br />
<a href="https://www.politischebildung.at/pbb/2017/10/17/chancen/" target="_blank" rel="noopener noreferrer">Chancen</a></p>
<p><strong>Bildung</strong><br />
<a href="https://www.politischebildung.at/pbb/2017/10/10/lernkurve/" target="_blank" rel="noopener noreferrer">Lernkurve</a><br />
<a href="https://www.politischebildung.at/pbb/2017/10/10/lernen-heisst-teilhaben-ist-unwichtig-ein-spass-ein-kampf/" target="_blank" rel="noopener noreferrer">Lernen? Heißt Teilhabe? Ist unwichtig? Ein Spaß? Ein Kampf?</a></p>
<p><strong>Familie</strong><br />
<a href="https://www.politischebildung.at/pbb/2019/03/19/haushaltskasse/" target="_blank" rel="noopener noreferrer">Haushaltskasse</a></p>
<p><strong>Frauenrechte</strong><br />
<a href="https://www.politischebildung.at/pbb/2019/03/19/arbeit-und-kinder-2/" target="_blank" rel="noopener noreferrer">Arbeit und Kinder</a></p>
<p><strong>Gewalt</strong><br />
<a href="https://www.politischebildung.at/pbb/2017/10/10/gewalt-keine-gewalt/" target="_blank" rel="noopener noreferrer">Gewalt &#8211; keine Gewalt</a><br />
<a href="https://www.politischebildung.at/pbb/2017/10/10/im-bus/" target="_blank" rel="noopener noreferrer">Im Bus</a><br />
<a href="https://www.politischebildung.at/pbb/2017/10/10/spinnwebanalyse/" target="_blank" rel="noopener noreferrer">Spinnwebanalyse</a></p>
<p><strong>Globalisierung</strong><br />
<a href="https://www.politischebildung.at/pbb/2017/10/31/lebenszyklus-handy/" target="_blank" rel="noopener noreferrer">Lebenszyklus Handy</a></p>
<p><strong>Identität</strong><br />
<a href="https://www.politischebildung.at/pbb/2019/03/19/wer-bin-ich-und-wenn-ja-wie-viele/" target="_blank" rel="noopener noreferrer">Wer bin ich und wenn ja wie viele?</a></p>
<p><strong>Individuum // Gesellschaft</strong><br />
<a href="https://www.politischebildung.at/pbb/2019/03/19/ich-und-der-rest-der-welt/" target="_blank" rel="noopener noreferrer">„Ich und der Rest der Welt&#8220;</a><br />
<a href="https://www.politischebildung.at/pbb/2017/10/10/situationen-und-ihre-umstaende/" target="_blank" rel="noopener noreferrer">Situationen und ihre Umstände</a><br />
<a href="https://www.politischebildung.at/pbb/2017/10/17/stimme-im-stimmengewirr/" target="_blank" rel="noopener noreferrer">Stimme im Stimmengewirr</a></p>
<p><strong>Integration</strong><br />
<a href="https://www.politischebildung.at/pbb/2017/11/07/runder-tisch-zu-integration/" target="_blank" rel="noopener noreferrer">Runder Tisch zu Integration</a></p>
<p><strong>Kinderrechte</strong><br />
<a href="https://www.politischebildung.at/pbb/2017/10/10/ashiques-geschichte/" target="_blank" rel="noopener noreferrer">Ashiques Geschichte</a></p>
<p><strong>Machtverteilung</strong><br />
<a href="https://www.politischebildung.at/pbb/2017/10/10/fragen-eines-lesenden-arbeiters/" target="_blank" rel="noopener noreferrer">Fragen eines lesenden Arbeiters</a><br />
<a href="https://www.politischebildung.at/pbb/2017/09/29/sombreros-und-zeitung/" target="_blank" rel="noopener noreferrer">Sombreros und Zeitung</a></p>
<p><strong>Mehrsprachigkeit </strong><br />
<a href="https://www.politischebildung.at/pbb/2017/11/07/sprachenportrait/" target="_blank" rel="noopener noreferrer">Sprachenporträt</a></p>
<p><strong>Menschenrechte</strong><br />
<a href="https://www.politischebildung.at/pbb/2017/10/10/menschenrechte/" target="_blank" rel="noopener noreferrer">Menschenrechte</a></p>
<p><strong>Rassismus</strong><br />
<a href="https://www.politischebildung.at/pbb/2017/10/10/herkunft/" target="_blank" rel="noopener noreferrer">„Herkunft&#8220;</a><br />
<a href="https://www.politischebildung.at/pbb/2017/10/10/ich-weiss/" target="_blank" rel="noopener noreferrer">Ich weiß</a></p>
<p><strong>Umwelt</strong><br />
<a href="https://www.politischebildung.at/pbb/2017/10/17/das-netzwerk-des-lebens/" target="_blank" rel="noopener noreferrer">Das Netzwerk des Lebens</a></p>
<p><strong>Zivilcourage</strong><br />
<a href="https://www.politischebildung.at/pbb/2017/09/29/parolen-paroli-bieten/" target="_blank" rel="noopener noreferrer">Parolen Paroli bieten</a><br />
<a href="https://www.politischebildung.at/pbb/2017/10/10/prioritaetenspiel/" target="_blank" rel="noopener noreferrer">Prioritätenspiel</a></p>
<p><strong>Zukunft</strong><br />
<a href="https://www.politischebildung.at/pbb/2019/03/19/rundwuenschen/" target="_blank" rel="noopener noreferrer">Rundwünschen</a><br />
<a href="https://www.politischebildung.at/pbb/2019/03/19/unsere-welt-in-20-jahren/" target="_blank" rel="noopener noreferrer">Unsere Welt in 20 Jahren</a></p>

<p>Anpassung und Widerstand Die Grenzen des Gehorsams &#8222;Integration&#8220;: Einladung oder Unterdrückung Arbeit Wer macht welche Arbeit? Gleicher Lohn für gleiche Arbeit! Armut Armutshoroskop Chancenverteilung Chancen Bildung Lernkurve Lernen? Heißt Teilhabe? Ist unwichtig? Ein Spaß? Ein Kampf? Familie Haushaltskasse Frauenrechte Arbeit und Kinder Gewalt Gewalt &#8211; keine Gewalt Im Bus Spinnwebanalyse Globalisierung Lebenszyklus Handy Identität Wer&#8230;</p>
